o) be the first derivative of 3*o**4/2 - o**3/3 - o**2/2 + o + 68. Determine w(x).
5
Let b(h) = -2*h**2 - 18*h + 797. Let o be b(-25). Let z(a) be the third derivative of -a**6/120 - a**5/20 - a**4/24 + a**3/3 - 10*a**2. What is z(o)?
5
Suppose 62 = n - s, 2*n + 2*s - 6*s = 118. Suppose -16*v - 924 = 729 - 629. Let y = v + n. Let w(o) = 5*o - 1. Give w(y).
4
Let h(q) = q**2 - q - 5. Let o(g) = -g**3 + 6*g**2 - 13*g + 28. Let r(s) = 2*h(s) - o(s). Give r(4).
6
Let d(o) = 38*o**2 - 24*o**2 - 16*o**2. Let k(x) = -x**2 + x. Let u(s) = -2*d(s) + 3*k(s). What is u(-3)?
0
Let g(r) = -r**2 - 4*r - 2. Suppose 6*x - 35 = 25. Suppose 17 - 57 = x*h. Determine g(h).
-2
Let g(p) = -4*p**2 + 4*p - 5. Let k(v) = -v**2 + v - 1. Suppose 3*q - 7 = -13. Let d(y) = q*g(y) + 6*k(y). Give d(3).
16
Let r = 53 + -52. Let s be 3 - (-1 - 1) - (r - 2). Let u(w) = -w**3 + 7*w**2 - 6*w + 2. Calculate u(s).
2
Let b(j) = 20*j. Let t(z) be the third derivative of -z**4/24 - 9*z**2 + 5. Let p(y) = b(y) + 15*t(y). Determine p(5).
25
Let a(r) be the third derivative of r**6/120 + r**5/12 + r**4/6 + 2*r**3/3 + 375*r**2. Let b = -11 - -8. Determine a(b).
10
Let z(t) = -16*t**3 - 17*t**2 + 17*t - 16. Let j(m) = 3*m**3 + m**2 - 2*m + 1. Let f(r) = -5*j(r) - z(r). What is f(-13)?
-67
Let o(r) be the first derivative of -4*r**3 - 1/2*r**2 + 58 + 0*r. Let f = 0 + -1. Calculate o(f).
-11
Suppose 0 = 3*d - 1 - 8. Let q(h) be the first derivative of -2*h**2 + 2/3*h**3 + 2*h - 1/4*h**4 + 451. What is q(d)?
-19
Let z(u) = 2*u + 1. Let g = -83 + 83. Suppose g = -l - s + 2 + 5, 0 = 4*l + 5*s - 32. What is z(l)?
7
Let g(a) = -2*a**3 - 5*a**2 + 3*a - 3. Suppose 4*u = 3*r + 5, -5*r - 2*u - 3*u + 50 = 0. Suppose 5*l = -5*x + r, -l - 3*l = -2*x + 26. Determine g(l).
33
Let l(k) = -k**3 + 27*k**2 - 27*k + 50. Let w be l(26). Suppose -5*m = i - 2*i + 8, -3*i = m + w. Let d(u) = u**3 + 7*u**2 - u - 10. Calculate d(i).
-3
Let u = -1274 + 1269. Let i(n) be the third derivative of n**6/120 + n**5/12 - 5*n**3/6 + 10*n**2. Calculate i(u).
-5
Let m(z) = 10*z + 4 + 3*z - 9. Let s(f) = -28*f + 10. Let x(k) = 13*m(k) + 6*s(k). Determine x(5).
0
Suppose -4*l - 91 = -3*b, b - 133 = -4*b + 2*l. Suppose 0 = -5*k - f + b, -k + 3*f = 4*f - 9. Let m(y) = -y - 5. Give m(k).
-9
Let b(k) = 36 - 20 - 6*k - 14 + 7*k. Suppose 0 = -5*l + 4 - 24. Give b(l).
-2
Let c(q) be the third derivative of -q**6/40 + q**5/60 - q**3/6 - q**2. Let k be c(-1). Let m(t) = 18 - 66*t - 64*t - 21 + 134*t. What is m(k)?
9
Let w = -211 + 215. Suppose -w*x = -12, -5*c + 11*x + 41 = 13*x. Let f(l) = l**3 - 8*l**2 + 3*l + 3. What is f(c)?
-25
Let w(x) = -2*x - 1. Let q(j) = j. Let d(k) = -3*q(k) - w(k). Let i(z) = -z**3 + 6*z - 12. Let c(a) = -6*d(a) - i(a). Determine c(0).
6
Let f(q) = -3 - q + 2*q - 2*q. Let n(v) = 139*v**2 - 19*v. Let u be n(-2). Let j = u - 588. What is f(j)?
-9
Let o(f) = f**3 - 8*f**2 - 13*f + 31. Let p = 1778 + -1769. Let w be o(p). Let x(u) be the second derivative of -u**3 - 2*u**2 - u. Determine x(w).
26
Let f(a) = -3*a - 4. Let l(c) be the first derivative of -3*c**2 - 18*c - 104. Let v be l(-2). What is f(v)?
14
Let h(p) = 3*p + 111. Let f be h(-35). Let i(g) = g**3 - 6*g**2 + 4*g - 19. Calculate i(f).
5
Let u(f) = -56*f**2 - 4*f - 3. Let d(q) = -q**3 - 7*q**2 + 14*q + 97. Let b be d(-7). Give u(b).
-55
Let c = 52 + -48. Suppose 3*z + 31 = 5*j, -c*j + 41 = -4*z + 13. Let y(t) = 5*t + 6. Determine y(j).
31
Let w(h) = -3*h**3 + 2*h**3 + 0*h**3 + 3*h - 2 + 2*h**2. Suppose o - 37 + 10 = 0. Suppose 142*k + o = 151*k. What is w(k)?
-2
Let b(a) = a**2 + 7*a - 12. Let d = -379 - -388. Suppose 0 = -8*h - d - 63. Calculate b(h).
6
Let l = -4 - -5. Let o(p) = p + 1. Let k(t) = 4*t + 13. Let y(v) = l*k(v) - 5*o(v). Suppose 4 = 4*q - 12. What is y(q)?
4
Let p(n) = 14*n. Let f(k) = -15*k. Let s(t) = t + 0*t + 125 - 125. Let d(j) = 3*f(j) + 36*s(j). Let a(l) = 8*d(l) + 5*p(l). Determine a(1).
-2
Let h(b) = -b - 2. Suppose 0*w + 5*g + 19 = -2*w, -4*w - 2*g + 2 = 0. Suppose 2*d + 18 = 3*c, w*c = -12*d + 8*d. Calculate h(d).
1
Let p(c) be the third derivative of -c**4/24 + 4*c**3/3 - c**2. Let j(h) = -411*h + 10278. Let n be j(25). Calculate p(n).
5
Let m(f) be the third derivative of -f**7/5040 - f**6/90 + 5*f**5/2 - 3*f**2 - 67*f. Let y(h) be the third derivative of m(h). Calculate y(0).
-8
Suppose 110*z - 783 = 23*z. Let l(f) = f**2 - 10*f + 3. Calculate l(z).
-6
Let b(n) = n**2 + 28. Let t be b(0). Let l = -36 + t. Let d(p) = 0 - 19*p + 7 + 0 + 22*p - 2*p. What is d(l)?
-1
Suppose -2*v + s - 9 = 18, -3*s + 55 = -4*v. Let u(r) = r**2 + 20*r + 15. Determine u(v).
-76
Let c(q) = 73*q**3 - 31*q**2 - 48*q + 23. Let g(d) = 19*d**3 - 8*d**2 - 12*d + 6. Let j(t) = -6*c(t) + 23*g(t). What is j(5)?
-15
Suppose -29*b + 21*b + 16 = 0. Let t(u) = -u**3 - 15*u - 14*u + u**2 + 1 + 31*u - b. Let j be (8/6)/((-6)/9). What is t(j)?
7
Let t be (10 - -4 - -2) + -12. Let f(m) = 4*m - 35. What is f(t)?
-19
Let g be 6/21 + (-2)/7. Let k(z) = z**2 - 3*z + g*z**2 + 3*z - 11 - 8*z. Give k(8).
-11
Let o be (-35)/14*((-288)/(-15))/8 - 3. Let a(x) = -29*x - 259. Determine a(o).
2
Suppose -4*y + 7 = -3*y. Let u(o) be the first derivative of o**4/12 - 2*o**3/3 - 26*o**2 + 54. Let a(z) be the second derivative of u(z). Determine a(y).
10
Let s be (0 - (-4)/(-12))/((-76)/152). Let y(t) be the third derivative of 0*t + 0 - 1/8*t**4 + s*t**3 + 32*t**2. Calculate y(4).
-8
Let d(n) = 6 - 4*n**2 + n**3 + 38*n - 21*n - 22*n. Let p = 188 - 184. Give d(p).
-14
Let v(s) = 10*s + 5. Let a = -371 - -374. Let u(r) = 10*r + 7. Let n(d) = a*v(d) - 2*u(d). Determine n(1).
11
Let t(a) = 320 + 314 + 2*a - 665 + a. Determine t(19).
26
Suppose -24*r + 142 = -2. Suppose 25 = -r*g + 55. Let m(d) = d**3 - 5*d**2 + d + 1. Calculate m(g).
6
Let h(m) = 20*m - 11. Let q be 14 - (24 - (2 + 10)). Calculate h(q).
29
Let f = -3572 + 3581. Let q(o) = o**3 - 6*o**2 + 8*o - 6. Let c be q(5). Suppose c*x + 36 = f. Let m(d) = d**3 + 2*d**2 - 2*d + 2. Calculate m(x).
-1
Let n(b) = b**3 + 4*b**2 - 7*b - 7. Let t = 2 - -1. Let f(g) = -g + 3*g - 4 + 2 - 3 - 5*g + g**2. Let y be f(t). Determine n(y).
3
Let l(r) = -3. Let x(j) = -2*j - 2*j + 306 + 4*j - 17*j. Let b(g) = -102*l(g) - x(g). Calculate b(1).
17
Let d be (1/3)/(((-35)/(-21))/(-5)). Let t(k) = -3*k - 4*k**2 + 2*k + 7*k**2 - k**2 + 6*k**2. What is t(d)?
9
Let j(r) = 10*r**2 + 182*r + 37. Let h be j(-18). Let a(f) = -103*f**2 + 3*f - 2. What is a(h)?
-102
Let y be (-12)/(-21) - (190/15)/((-7)/3). Let n(u) = -3*u**2 + 7*u - 3. What is n(y)?
-69
Let n = 37 + -38. Let z(t) be the first derivative of t**4/4 - 23*t**2/2 - 74. Let l(b) be the second derivative of z(b). What is l(n)?
-6
Let g(i) be the third derivative of -i**6/360 - i**5/15 + 3*i**4/8 + 7*i**3/3 + 15*i**2. Let x(t) be the first derivative of g(t). What is x(-11)?
-24
Let l(x) = -41*x + 35*x + 71 - 75. Give l(-8).
44
Suppose -3*r - 36*z = -31*z - 31744, 3*r - 4*z = 31780. Let u(l) = -12*l + l**2 + r*l**3 - 11*l**2 - 10587*l**3 + 11. Determine u(11).
0
Let o(r) = -15*r**2 + 1. Let h(b) = 4*b**2 + 61*b + 15. Let j be h(-15). Suppose f + 2*s = -s - 13, 5*s + 20 = j. Determine o(f).
-14
Suppose 0 = -l + 3, -z + 3 = -4*z + l. Suppose -s - 153 + 154 = z. Let x(c) = -c**2 + c. Calculate x(s).
0
Let j(y) = -y**3 + 2*y**2 + 3*y. Let v = 45 + -29. Let s = 21 - v. Suppose g - k = -s, 2*g + k + 0 + 1 = 0. Determine j(g).
10
Let m be (-2)/8 + (2 - 21/12). Suppose 0 = -o - m. Suppose 5*r + 2*r - 21 = o. Let l(d) = -d**3 + 4*d**2 - 3*d + 1. Give l(r).
1
Let p(r) = 684 - 3*r**2 - 234 - 217 - 216 - 5*r + r**2. Calculate p(-7).
-46
Suppose 2 = 4*k + c - 5, 0 = 3*k - 3*c - 9. Suppose -17 = -8*x + 7*x - k*r, 0 = -5*r - 5. Let g(j) = 2*j - 32. What is g(x)?
6
Suppose 4*t + 2 + 63 = -5*f, 0 = 6*f - 5*t + 78. Let r(w) = -w**3 - 11*w**2 + 27*w + 23. What is r(f)?
10
Suppose x - 35 = 2*x - z, -75 = 3*x + 3*z. Let k(l) = -l - 29. Let m be k(x). Let p(c) = -2 + 1 - 3*c + 0*c. Give p(m).
-4
Let u(s) = s**3 + 4*s**2 - 5*s. Let y be u(-5). Suppose -4*v + a + 24 = -y*v, 2*v + 6 = 5*a. Let g(p) = v*p + 1 - 17*p + 5*p - 6. Give g(-5).
20
Let c = -1317 + 1322. Let k(f) = 0 - 1 + 1 - 3*f + 4. Determine k(c).
-11
Let d(o) = 2 + 2 + 2 - o**2 - o. Suppose -k + 1860 = 9*k. Let w = k - 186. What is d(w)?
6
Let i(b) be th